 is divided by 38?
37
Calculate the remainder when 10780 is divided by 672.
28
What is the remainder when 4228 is divided by 326?
316
What is the remainder when 12754 is divided by 1086?
808
Calculate the remainder when 22015 is divided by 7334.
13
Calculate the remainder when 32556 is divided by 497.
251
Calculate the remainder when 124717 is divided by 1014.
1009
Calculate the remainder when 67742 is divided by 198.
26
Calculate the remainder when 938 is divided by 933.
5
What is the remainder when 6925 is divided by 578?
567
What is the remainder when 120422 is divided by 43?
22
Calculate the remainder when 299558 is divided by 19966.
68
Calculate the remainder when 2615 is divided by 45.
5
Calculate the remainder when 1226537 is divided by 184.
177
What is the remainder when 9720 is divided by 211?
14
Calculate the remainder when 939 is divided by 164.
119
Calculate the remainder when 3245 is divided by 44.
33
Calculate the remainder when 6361 is divided by 1567.
93
Calculate the remainder when 11322 is divided by 1617.
3
Calculate the remainder when 46744 is divided by 38.
4
Calculate the remainder when 7998 is divided by 29.
23
What is the remainder when 2793 is divided by 735?
588
What is the remainder when 224275 is divided by 1447?
1437
Calculate the remainder when 50993 is divided by 40.
33
What is the remainder when 240 is divided by 186?
54
Calculate the remainder when 108553 is divided by 1034.
1017
Calculate the remainder when 76464 is divided by 654.
600
What is the remainder when 25874 is divided by 2155?
14
What is the remainder when 3780 is divided by 1872?
36
Calculate the remainder when 14864 is divided by 3664.
208
What is the remainder when 52025 is divided by 12?
5
What is the remainder when 404852 is divided by 8?
4
Calculate the remainder when 3584 is divided by 396.
20
Calculate the remainder when 2044 is divided by 918.
208
Calculate the remainder when 3196891 is divided by 21.
19
What is the remainder when 16116 is divided by 393?
3
What is the remainder when 15166 is divided by 77?
74
What is the remainder when 27168 is divided by 1455?
978
Calculate the remainder when 7797 is divided by 44.
9
What is the remainder when 2686298 is divided by 231?
230
Calculate the remainder when 9443 is divided by 12.
11
What is the remainder when 545810 is divided by 49?
48
Calculate the remainder when 102281 is divided by 439.
433
Calculate the remainder when 192 is divided by 151.
41
What is the remainder when 530627 is divided by 66?
53
What is the remainder when 4681 is divided by 769?
67
What is the remainder when 2989 is divided by 50?
39
Calculate the remainder when 8531 is divided by 1605.
506
Calculate the remainder when 34802 is divided by 77.
75
Calculate the remainder when 198828 is divided by 11.
3
Calculate the remainder when 4899 is divided by 186.
63
Calculate the remainder when 254845 is divided by 1603.
1571
Calculate the remainder when 655 is divided by 470.
185
What is the remainder when 2073 is divided by 36?
21
Calculate the remainder when 775 is divided by 330.
115
What is the remainder when 12890 is divided by 206?
118
What is the remainder when 5180 is divided by 259?
0
Calculate the remainder when 1860 is divided by 376.
356
What is the remainder when 111325 is divided by 111?
103
What is the remainder when 213219 is divided by 26?
19
Calculate the remainder when 639 is divided by 4.
3
Calculate the remainder when 7508 is divided by 2197.
917
What is the remainder when 6754157 is divided by 1566?
1565
What is the remainder when 5614 is divided by 2744?
126
Calculate the remainder when 3547 is divided by 24.
19
Calculate the remainder when 1075436 is divided by 268857.
8
What is the remainder when 37350 is divided by 84?
54
What is the remainder when 21805 is divided by 10899?
7
What is the remainder when 12179 is divided by 297?
2
What is the remainder when 4757 is divided by 27?
5
What is the remainder when 719053 is divided by 261?
259
Calculate the remainder when 15445 is divided by 37.
16
Calculate the remainder when 3750872 is divided by 4.
0
Calculate the remainder when 1356 is divided by 46.
22
Calculate the remainder when 1080847 is divided by 1083.
13
Calculate the remainder when 2132395 is divided by 28.
27
Calculate the remainder when 2657 is divided by 191.
174
What is the remainder when 62914 is divided by 8?
2
What is the remainder when 12794 is divided by 79?
75
What is the remainder when 56893 is divided by 28435?
23
Calculate the remainder when 121094 is divided by 9.
8
What is the remainder when 442689 is divided by 14?
9
What is the remainder when 106 is divided by 86?
20
Calculate the remainder when 15519 is divided by 775.
19
What is the remainder when 123544 is divided by 3251?
6
Calculate the remainder when 7276 is divided by 38.
18
Calculate the remainder when 16348 is divided by 292.
288
Calculate the remainder when 2653 is divided by 208.
157
Calculate the remainder when 61481 is divided by 124.
101
Calculate the remainder when 114078 is divided by 124.
122
Calculate the remainder when 69342 is divided by 91.
0
Calculate the remainder when 806 is divided by 346.
114
Calculate the remainder when 1544091 is divided by 146.
141
Calculate the remainder when 64444 is divided by 934.
932
What is the remainder when 73839 is divided by 4102?
3
What is the remainder when 172362 is divided by 261?
102
What is the remainder when 70348 is divided by 278?
14
What is the remainder when 890 is divided by 684?
206
What is the remainder when 15410 is divided by 32?
18
Calculate the remainder when 32820 is divided by 43.
11
Calculate the remainder when 41883 is divided by 20891.
101
What is the remainder when 209482 is divided by 116?
102
What is the remainder when 5403 is divided by 27?
3
What is the remainder when 34874 is divided by 42?
14
Calculate the remainder when 15718 is divided by 12.
10
What is the remainder when 253874 is divided by 51?
47
Calculate the remainder when 1758526 is divided by 129.
127
Calculate the remainder when 118658 is divided by 28.
22
Calculate the remainder when 11626 is divided by 503.
57
Calculate the remainder when 784 is divided by 468.
316
What is the remainder when 34669 is divided by 88?
85
What is the remainder when 98225 is divided by 607?
498
Calculate the remainder when 8979 is divided by 2238.
27
What is the remainder when 223906 is divided by 1454?
1444
Calculate the remainder when 27244 is divided by 52.
48
Calculate the remainder when 1084 is divided by 179.
10
Calculate the remainder when 130001 is divided by 156.
53
Calculate the remainder when 62551 is divided by 1158.
19
What is the remainder when 54982 is divided by 160?
102
What is the remainder when 329 is divided by 19?
6
What is the remainder when 8115044 is divided by 254?
252
What is the remainder when 2251 is divided by 26?
15
Calculate the remainder when 129587 is divided by 396.
95
Calculate the remainder when 5351 is divided by 2573.
205
What is the remainder when 977 is divided by 235?
37
What is the remainder when 82194 is divided by 16429?
49
What is the remainder when 147383 is divided by 29442?
173
Calculate the remainder when 79001 is divided by 2256.
41
Calculate the remainder when 167263 is divided by 680.
663
What is the remainder when 814 is divided by 265?
19
Calculate the remainder when 1619 is divided by 451.
266
Calculate the remainder when 23152 is divided by 2894.
0
Calculate the remainder when 70188 is divided by 56.
20
What is the remainder when 33174 is divided by 721?
8
What is the remainder when 8082 is divided by 2688?
18
Calculate the remainder when 719785 is divided by 46.
23
Calculate the remainder when 3787 is divided by 644.
567
What is the remainder when 43973 is divided by 61?
53
What is the remainder when 553892 is divided by 3?
2
Calculate the remainder when 70770 is divided by 224.
210
What is the remainder when 906 is divided by 847?
59
Calculate the remainder when 17901 is divided by 213.
9
What is the remainder when 892470 is divided by 521?
518
Calculate the remainder when 1367 is divided by 145.
62
Calculate the remainder when 4093 is divided by 506.
45
Calculate the remainder when 11805 is divided by 17.
7
Calculate the remainder when 2924 is 